it of 5703189741?
3
What is the ten thousands digit of 6270829470?
2
What is the units digit of 227973525?
5
What is the hundreds digit of 150540573?
5
What is the millions digit of 122903458?
2
What is the thousands digit of 1722517893?
7
What is the ten millions digit of 126443706?
2
What is the ten thousands digit of 383610259?
1
What is the ten millions digit of 11464791?
1
What is the tens digit of 408829744?
4
What is the ten thousands digit of 1780335655?
3
What is the ten millions digit of 2034029136?
3
What is the ten thousands digit of 4999302366?
0
What is the hundreds digit of 37655280?
2
What is the tens digit of 128390956?
5
What is the hundred millions digit of 302124978?
3
What is the tens digit of 6215377079?
7
What is the hundreds digit of 209693560?
5
What is the hundred thousands digit of 16934642?
9
What is the units digit of 16499835?
5
What is the tens digit of 818949425?
2
What is the units digit of 645584840?
0
What is the ten millions digit of 1345067401?
4
What is the units digit of 183621870?
0
What is the ten millions digit of 31648169?
3
What is the hundred millions digit of 127999559?
1
What is the thousands digit of 229138909?
8
What is the millions digit of 426462910?
6
What is the hundred millions digit of 2463685522?
4
What is the tens digit of 24699690?
9
What is the hundred thousands digit of 40043797?
0
What is the units digit of 4271744544?
4
What is the tens digit of 401990982?
8
What is the millions digit of 1308954926?
8
What is the units digit of 4367683219?
9
What is the hundreds digit of 315570015?
0
What is the hundred thousands digit of 3754092172?
0
What is the hundred thousands digit of 1728744141?
7
What is the hundreds digit of 880440348?
3
What is the hundreds digit of 459486562?
5
What is the ten thousands digit of 95990930?
9
What is the millions digit of 2567492089?
7
What is the ten thousands digit of 14269693?
6
What is the millions digit of 53220294?
3
What is the thousands digit of 806053488?
3
What is the thousands digit of 647379906?
9
What is the hundred millions digit of 244648892?
2
What is the millions digit of 483052799?
3
What is the billions digit of 1944507223?
1
What is the tens digit of 26409274?
7
What is the ten millions digit of 227590901?
2
What is the tens digit of 2419956714?
1
What is the units digit of 1773650666?
6
What is the units digit of 131487692?
2
What is the thousands digit of 122833024?
3
What is the hundred thousands digit of 1200996201?
9
What is the millions digit of 60893240?
0
What is the millions digit of 39129954?
9
What is the hundred millions digit of 165237937?
1
What is the ten millions digit of 1346072203?
4
What is the tens digit of 54249772?
7
What is the hundred thousands digit of 6536397124?
3
What is the ten millions digit of 3731509183?
3
What is the ten thousands digit of 1236688184?
8
What is the millions digit of 5203602300?
3
What is the ten thousands digit of 600254891?
5
What is the units digit of 47169167?
7
What is the tens digit of 30120110?
1
What is the ten millions digit of 1411836193?
1
What is the hundred thousands digit of 681625921?
6
What is the hundreds digit of 1397124815?
8
What is the thousands digit of 91918897?
8
What is the tens digit of 494919040?
4
What is the ten millions digit of 195960932?
9
What is the ten millions digit of 42689808?
4
What is the millions digit of 8604739?
8
What is the hundred thousands digit of 1828058355?
0
What is the hundred thousands digit of 25401472?
4
What is the ten thousands digit of 19423703?
2
What is the billions digit of 1597462510?
1
What is the units digit of 135728897?
7
What is the tens digit of 404458258?
5
What is the tens digit of 80406990?
9
What is the tens digit of 97436182?
8
What is the ten millions digit of 131124481?
3
What is the hundreds digit of 4111115187?
1
What is the millions digit of 6008889564?
8
What is the tens digit of 485311415?
1
What is the tens digit of 60380495?
9
What is the ten thousands digit of 54688827?
8
What is the millions digit of 118161294?
8
What is the ten thousands digit of 39748556?
4
What is the ten thousands digit of 4710538332?
3
What is the ten thousands digit of 9231164?
3
What is the units digit of 75448190?
0
What is the hundred thousands digit of 720645406?
6
What is the hundreds digit of 139543876?
8
What is the hundred thousands digit of 128874191?
8
What is the hundred millions digit of 1125715254?
1
What is the units digit of 3465391895?
5
What is the millions digit of 1756017537?
6
What is the units digit of 129808255?
5
What is the hundreds digit of 260672307?
3
What is the hundred millions digit of 361681193?
3
What is the hundreds digit of 27210582?
5
What is the ten millions digit of 303367110?
0
What is the units digit of 22925999?
9
What is the millions digit of 7725630?
7
What is the hundred thousands digit of 686184681?
1
What is the hundred millions digit of 866977647?
8
What is the hundreds digit of 22491786?
7
What is the hundred millions digit of 526840740?
5
What is the hundred thousands digit of 1167195235?
1
What is the ten millions digit of 3821115311?
2
What is the millions digit of 21582685?
1
What is the tens digit of 6744356?
5
What is the tens digit of 5335935183?
8
What is the hundred thousands digit of 738689125?
6
What is the tens digit of 22688540?
4
What is the hundred thousands digit of 597201839?
2
What is the ten thousands digit of 492906437?
0
What is the thousands digit of 134097875?
7
What is the millions digit of 50593917?
0
What is the thousands digit of 133202182?
2
What is the hundred millions digit of 236252151?
2
What is the ten thousands digit of 182669334?
6
What is the hundred thousands digit of 611767852?
7
What is the hundred thousands digit of 12383422?
3
What is the thousands digit of 1038620782?
0
What is the thousands digit of 138094963?
4
What is the tens digit of 38153995?
9
What is the ten thousands digit of 385472957?
7
What is the tens digit of 4023328495?
9
What is the ten millions digit of 348696179?
4
What is the ten thousands digit of 2420902713?
0
What is the ten thousands digit of 4464481225?
8
What is the hundreds digit of 136660096?
0
What is the units digit of 318698112?
2
What is the ten millions digit of 66648752?
6
What is the ten millions digit of 272259904?
7
What is the hundred thousands digit of 45985005?
9
What is the hundred thousands digit of 6959059596?
0
What is the tens digit of 43458067?
6
What is the hundred millions digit of 206419619?
2
What is the billions digit of 1751050998?
1
What is the hundred millions digit of 107781437?
1
What is the tens digit of 80682583?
8
What is the units digit of 97636235?
5
What is the hundred thousands digit of 113716149?
7
What is the millions digit of 161106498?
1
What is the thousands digit of 1887419748?
9
What is the ten thousands digit of 6970125437?
2
What is the thousands digit of 29364951?
4
What is the millions digit of 345008788?
5
What is the thousands digit of 1841436541?
6
What is the millions digit of 17162989?
7
What is the units digit of 76671?
1
What is the hundred thousands digit of 71193164?
1
What is the ten thousands digit of 23294087?
9
What is the units digit of 38626615?
5
What is the millions digit of 2784376448?
4
What is the units digit of 75092822?
2
What is the hundred thousands digit of 1885156638?
1
What is the tens digit of 43395717?
1
What is the units digit of 894482017?
7
What is the thousands digit of 97604135?
4
What is the ten millions digit of 85266644?
8
What is the hundred thousands digit of 483992335?
9
What is the ten thousands digit of 4501636836?
3
What is the units digit of 1227596501?
1
What is the tens digit of 995274338?
3
What is the hundred thousands digit of 172050594?
0
What is the hundred thousands digit of 3116386445?
3
What is the tens digit of 20207097?
9
What is the millions digit of 155014732?
5
What is the hundred millions digit of 211771760?
2
What is the hundred thousands digit of 34366019?
3
What is the tens digit of 40790395?
9
What is the hundred thousands digit of 101662083?
6
What is the tens digit of 5840235?
3
What is the millions digit of 7132863786?
2
What is the ten millions digit of 6791889983?
9
What is the tens digit of 72852342?
4